 59415. Calculate m(-2).
-27
Let l(t) = 62*t**2 + 362*t - 10. What is l(-6)?
50
Let x(v) = 121*v**3 - 367*v**2 + 6*v + 8. Calculate x(3).
-10
Let p(t) = 8*t**2 + 28*t - 944. What is p(14)?
1016
Let f(x) = x**3 + 180*x**2 - 177*x + 434. What is f(-181)?
-290
Let h(a) = 106*a**2 + 2319*a + 33. Determine h(-22).
319
Let n(t) = -10760*t - 85840. Determine n(-8).
240
Let v(m) = -44*m - 244. What is v(-8)?
108
Let b(u) = 5008*u - 370682. Determine b(74).
-90
Let t(x) = -x**2 + 84*x + 6. What is t(4)?
326
Let m(u) = 19*u**2 + 250*u - 44. Determine m(-13).
-83
Let b(j) = 946*j - 67. Determine b(-1).
-1013
Let s(c) = 3*c**2 - 83719*c - 167444. Give s(-2).
6
Let d(m) = -8296*m + 5724227. Determine d(690).
-13
Let m(x) = 3*x**3 + 1366*x**2 - 25609*x - 1. What is m(18)?
-883
Let c(w) = 72*w - 2793. Determine c(33).
-417
Let c(t) = 2*t**3 - 68*t**2 - 57*t + 206. Give c(35).
661
Let a(u) = -u**3 + 45*u**2 + 210*u - 411. Determine a(49).
275
Let k(t) = -94*t**2 - 983*t - 4949. Give k(-5).
-2384
Let v(f) = -10*f**2 + 304*f + 1420. Calculate v(-4).
44
Let o(u) = -2*u**3 - 47*u**2 - 93*u + 49. Determine o(-21).
-203
Let r(b) = 670*b**2 + 31567*b + 3645. Calculate r(-47).
26
Let w(r) = 8*r**3 + 3417*r**2 - 6439*r - 1724. Calculate w(-429).
-8
Let x(c) = -5496*c - 32936. Calculate x(-6).
40
Let a(p) = -4242*p - 521789. Determine a(-123).
-23
Let l(r) = 165656*r + 10436323. Determine l(-63).
-5
Let q(r) = 20*r**3 - 113*r**2 + 14*r + 55. Determine q(5).
-200
Let k(c) = -5*c**2 - 2451*c + 17384. What is k(7)?
-18
Let m(h) = -16016*h - 143747. Calculate m(-9).
397
Let w(r) = -2340*r + 316074. Give w(135).
174
Let g(m) = -m**3 + 172*m**2 + 966*m - 14247. What is g(177)?
90
Let c(d) = -116*d + 6420. Give c(52).
388
Let h(a) = -3*a**2 + 145*a - 1758. Calculate h(20).
-58
Let n(m) = 5*m**3 + 158*m**2 - 56*m + 208. What is n(-32)?
-48
Let w(d) = 669*d + 27777. What is w(-43)?
-990
Let x(p) = 1674*p - 3308. What is x(3)?
1714
Let x(d) = 507*d + 300030. What is x(-592)?
-114
Let a(w) = -w**2 + 61*w + 656. Calculate a(-14).
-394
Let d(p) = -190*p**2 + 293*p + 1121. Calculate d(-4).
-3091
Let y(m) = 1027*m - 26485. Give y(26).
217
Let q(k) = 17*k**2 + 29*k - 134. Determine q(2).
-8
Let b(q) = -q**2 + 10175*q - 162553. Determine b(16).
-9
Let b(y) = -y**3 - 45*y**2 + 485*y + 102. Give b(9).
93
Let y(h) = h**2 - 106*h - 3097. Determine y(129).
-130
Let m(x) = -x**3 - 5*x**2 - 3079*x - 24702. What is m(-8)?
122
Let i(j) = -37*j**3 - 6734*j**2 + j - 675. Calculate i(-182).
-857
Let m(s) = s**3 + 109*s**2 + 2964*s + 42. What is m(-60)?
-1398
Let v(c) = -1854*c - 12962. Give v(-7).
16
Let a(n) = -2*n**2 - 73*n + 751. Calculate a(-45).
-14
Let i(j) = 3291*j + 384975. Determine i(-117).
-72
Let d(n) = 132*n - 27546. Determine d(211).
306
Let f(i) = -i**3 + 33*i**2 - 159*i - 38. What is f(7)?
123
Let o(g) = 4*g**2 + 155212*g - 310431. What is o(2)?
9
Let l(z) = 9055*z + 54046. Determine l(-6).
-284
Let z(r) = 2*r**3 - 115*r**2 + 1341*r + 8174. Calculate z(35).
-16
Let z(h) = 4288*h - 3091643. What is z(721)?
5
Let l(x) = 44209*x - 220935. Calculate l(5).
110
Let m(c) = 2*c**3 - 31*c + 254. Determine m(-6).
8
Let u(o) = -228*o + 50389. What is u(220)?
229
Let q(x) = 10*x**3 + 371*x + 1447. Give q(-4).
-677
Let b(r) = 5037*r + 120830. Calculate b(-24).
-58
Let z(n) = -3*n**3 - 10*n**2 - 46*n + 806. Determine z(5).
-49
Let v(s) = 2448*s + 11505. Determine v(-4).
1713
Let t(f) = 48*f**2 - 210*f + 86. Give t(4).
14
Let j(h) = 19*h**2 + 194*h + 25. Calculate j(-7).
-402
Let x(i) = -184*i + 6025. Calculate x(31).
321
Let u(d) = -6217*d + 111925. Calculate u(18).
19
Let d(r) = -5635*r - 157735. Give d(-28).
45
Let k(x) = 18*x**2 + 1801*x - 1691. Determine k(-101).
26
Let j(r) = -12*r**3 - 112*r**2 + 70*r - 90. What is j(-10)?
10
Let l(d) = 7663*d + 45962. What is l(-6)?
-16
Let w(m) = 477*m**2 - 1507*m - 1604. Give w(4).
0
Let z(v) = -45297*v + 3216067. What is z(71)?
-20
Let p(c) = 663*c**2 + 11315*c + 11273. Calculate p(-16).
-39
Let o(t) = -39700*t - 79405. Give o(-2).
-5
Let m(s) = -s**3 - 76*s**2 + 1304*s + 117796. Determine m(-71).
7
Let p(a) = -485*a - 166790. Give p(-344).
50
Let a(n) = 3*n**2 - 59*n - 77638. Calculate a(171).
-4
Let l(y) = 34575*y**2 + 103708*y + 11. Give l(-3).
62
Let c(m) = 2*m**2 + 316*m - 3030. Determine c(-167).
-24
Let m(c) = 2*c**2 - 688*c + 7864. Determine m(332).
-104
Let n(s) = -2575*s + 5138. Calculate n(2).
-12
Let w(v) = 3*v**2 + 2060*v + 75789. Give w(-39).
12
Let r(o) = 18*o**3 + 592*o**2 + 543*o + 972. Determine r(-32).
-20
Let k(y) = -27*y**2 + 1711*y + 2856. What is k(65)?
-4
Let b(r) = -r**3 - 250*r**2 + 246*r - 1208. Determine b(-251).
47
Let g(y) = 119*y**2 + 12*y - 59. What is g(2)?
441
Let d(a) = -a**3 + 1407*a**2 - 11067*a - 174883. Determine d(1399).
-8
Let q(k) = 4*k**3 - 65*k**2 + 82*k + 154. Determine q(14).
-462
Let m(q) = -q**2 - 555*q - 53786. Calculate m(-125).
-36
Let i(b) = b**2 + 372*b + 26316. Calculate i(-96).
-180
Let d(c) = -120038*c + 720213. Calculate d(6).
-15
Let v(f) = 592*f**2 + 48539*f - 408. Determine v(-82).
2
Let u(o) = -1364*o - 46268. Determine u(-33).
-1256
Let m(z) = -z**2 + 73*z + 717. Determine m(-7).
157
Let u(b) = 49461*b - 8853500. What is u(179)?
19
Let f(b) = -26*b**2 + 1293*b + 6. Give f(51).
-1677
Let i(p) = 1045*p - 3197. Give i(3).
-62
Let f(v) = 71597*v - 930740. Give f(13).
21
Let y(z) = -z**2 - 900*z - 11538. Determine y(-13).
-7
Let r(w) = -8335*w - 116356. Give r(-14).
334
Let d(a) = -4*a**3 - 27*a**2 + 17*a + 173. Calculate d(-3).
-13
Let c(g) = 5*g**2 + 293*g + 848. Determine c(-5).
-492
Let a(j) = 215815*j + 5611194. Determine a(-26).
4
Let u(o) = -5186*o - 191784. Calculate u(-37).
98
Let q(y) = -183*y**2 - 1624*y + 4859. Calculate q(3).
-1660
Let r(d) = 45*d**2 + 2129*d - 34256. Give r(-60).
4
Let u(z) = 1091*z + 331622. What is u(-304)?
-42
Let d(v) = 189110*v - 1701982. Give d(9).
8
Let n(s) = -s**3 - 3*s**2 + 115*s + 78. Calculate n(10).
-72
Let w(o) = -17859*o + 3768253. What is w(211)?
4
Let a(d) = -3853*d - 139255. Determine a(-36).
-547
Let d(b) = -8870*b - 203992. Give d(-23).
18
Let o(h) = -667*h - 2514. Give o(-4).
154
Let f(w) = -4*w**3 - 127*w**2 + 44*w + 499. Give f(-32).
115
Let m(l) = -19200*l - 115201. Calculate m(-6).
-1
Let c(w) = -w**3 + 24*w**2 + 337*w + 18. What is c(34)?
-84
Let h(i) = 4*i**2 + 5536*i - 599938. Give h(101).
2
Let m(i) = -i**3 + 50*i**2 - 556*i - 178. What is m(33)?
-13
Let p(i) = 7057*i + 748071. Calculate p(-106).
29
Let r(o) = 44*o**3 + 2*o**2 + 2*o - 54. Determine r(3).
1158
Let f(x) = 3*x**2 - 216*x + 635. What is f(3)?
14
Let q(d) = d**3 + 58*d**2 + 532*d + 35. Calculate q(-11).
-130
Let u(m) = -2*m**3 - 287*m**2 - 7*m - 6. Calculate u(0).
-6
Let x(h) = 81*h**2 + 6315*h - 6315. Calculate x(1).
81
Let x(o) = -o**3 - 10*o**2 - 6*o + 17. What is x(3)?
-118
Let b(s) = s**3 + 23*s**2 - 109*s + 9. Calculate b(0).
9
Let p(n) = -n**2 + 7563*n - 151045. Determine p(20).
-185
Let n(c) = -2*c**3 + 138*c**2 + 1747*c - 15. Give n(-11).
128
Let p(i) = -2*i**3 + 42*i**2 + 55*i - 930. What is p(21)?
225
Let n(g) = -3083*g + 30834. Calculate n(10).
4
Let g(k) = -2*k**3 - 81*k**2 - 965*k - 2571. Calculate g(-4).
121
Let f(c) = -36*c - 8136. Calculate f(-82).
-5184
Let k(l) = 286402*l - 572743. Give k(2).
61
Let y(h) = 74*h + 2081. Determine y(-35).
-509
Let s(c) = -11*c**3 - 228*c**2 + 38*c - 531. Give s(-21).
-6
Let h(p) = -p**3 + 11*p**2 - 1039*p + 9186. Calculate h(9).
-3
Let k(h) = -2*h**2 - 129*h + 5847. What is k(-91)?
1024
Let v(i) = i**3 + 42*i**2 + 102*i - 189. Calculate v(-40).
-1069
Let s(r) = 2062*r**3 - 272*r**2 - 276*r - 3. Give s(-1).
-2061
Let b(t) = -683100*t + 5464800. What is b(8)?
0
Let o(n) = -2895*n - 8634. Determine o(-3).
51
Let y(c) = 6*c**3 - 19*c**2 - 19*c + 24. Calculate y(7).
1018
Let z(h) = -24*h**2 + 187*h + 177. Give z(11).
-670
Let b(i) = i**3 + 20*i**2 - 1109*i - 24385. What is b(-24)?
-73
Let w(f) = 11139*f + 289599. Determine w(-26).
-15
Let q(k) = 5*k**3 - 79*k**2 - 11*k + 88. Determine q(16).
168
Let h(r) = 2*r**3 + 75*r**2 + 37*r - 8. Determine h(-37).
-8
Let t(a) = -686*a + 35711. Calculate t(52).
39
Let v(l) = -l**3 - 151*l**2 + 110923*l + 479. Give v(-417).
62
Let s(p) = -11*p**2 + 1201*p - 8612. Give s(8).
292
Let s(c) = 